 - -8. What is s(h)?
7
Suppose 5*y - p + 54 = 0, -45*y + 47*y + 26 = -4*p. Let x(i) = i**3 + 11*i**2 - i - 2. Calculate x(y).
9
Let p = -39 + 45. Suppose 2 = 2*t + p. Let j(d) = -3*d**2 - 2*d - 1. Determine j(t).
-9
Let u(n) = 2*n + 8. Let r(k) = -5*k - 17. Let d(f) = -3*r(f) - 7*u(f). Suppose 0 = -9*s + 14*s. Give d(s).
-5
Suppose 0 = -3*d - 56 + 65. Suppose -5*r + 1 = -5*t - 4, 9 = d*t. Let o(p) be the second derivative of -p**4/12 + p**3/3 + 2*p**2 + p. Calculate o(r).
-4
Let g be (169 - 171) + -1*3. Let k(o) = -2*o**2 - 11*o - 1. Calculate k(g).
4
Let q(w) be the first derivative of -1/24*w**4 + 0*w + 9 - 4*w**2 + 4/3*w**3. Let n(g) be the second derivative of q(g). Determine n(6).
2
Let f(v) be the third derivative of -v**6/120 - v**5/5 - 5*v**4/12 + 2*v**3/3 - 172*v**2. What is f(-11)?
-7
Let l(f) = f**2 + 2*f + 2. Let b(m) = m**3 - 12*m**2 - m - 17. Let s(x) = -b(x) - 5*l(x). What is s(6)?
-11
Let d(n) = -n**2 + 2*n + 3. Suppose 0 = -4*c - 2*t + 21 + 13, -2*c - 1 = -5*t. Suppose b + 46 = 5*x, 4*x = 13 + c. Let m = 24 + b. Determine d(m).
0
Let p(v) be the first derivative of 2*v**2 + v + 141. Calculate p(1).
5
Let o(n) = n**2 + n - 1. Let i(t) = t**3 + 3*t**2 + t - 1. Let k(u) = i(u) - 4*o(u). Let j = 0 - -2. Determine k(j).
1
Let m = -31 - -30. Let z be m*(-2 - -12)/(-5). Let p(h) = 10*h - z*h - 21*h. Calculate p(1).
-13
Let g be 30/(-9)*54/(-15). Suppose 0 = -4*n + 2*n - g. Let p(x) = -x**3 - 6*x**2 + x + 6. Determine p(n).
0
Let x(k) = k**2 - 10*k - 4. Let n = -87 - -95. What is x(n)?
-20
Let i(r) = r**2 + 6*r - 1. Suppose 3*j + 55 = -2*j - 3*q, 3*j + 2*q + 32 = 0. Let a = j - -37. Let s = 18 - a. Determine i(s).
-6
Suppose -17*r + 15 = 49. Let j(h) = 8*h**2 - 2*h. Give j(r).
36
Let n(i) = -5 - i + 4 + 1. Let b(h) = h**3 + 5*h**2 - 6*h + 6. Let y be (4/5)/(8/(-60)). Let t be b(y). Determine n(t).
-6
Suppose -4*q = -q. Suppose q = -0*s - 4*s. Let f(w) = w**2 - w + 2. Calculate f(s).
2
Let y(h) = 20*h - 7 - 28*h + 2*h**3 + 3 - 7*h**2 - 3*h**3. Suppose -3*b - 6 = -c, -3*c - 2*b = -0*c + 26. What is y(c)?
8
Let u(a) be the second derivative of -a**5/20 - a**4/3 - 2*a**3/3 - a**2 - 12*a + 54. Let s = -7 - -4. Give u(s).
1
Let w(n) = -n**2 - 9*n - 20. Let y(s) = -2*s**2 - 17*s - 33. Let f(q) = -7*w(q) + 4*y(q). Give f(-8).
-16
Let l(n) = -n**3 + 4*n**2 - 2*n + 8. Let o be l(4). Let c(y) be the third derivative of 1/60*y**5 + o*y - 1/2*y**3 - 1/4*y**4 + 0 + 5*y**2. What is c(4)?
-11
Let c(k) = -2*k + 3. Suppose -275*g + 267*g - 96 = 0. Calculate c(g).
27
Let t(n) = n**2 + 11*n + 27. Suppose -203*b + 217*b = -84. Determine t(b).
-3
Suppose -4*l + p - 5*p = -16, 0 = -3*l - p + 10. Suppose -6*r + 3*r = l. Let a(o) be the second derivative of 2*o**3/3 + 5*o. Give a(r).
-4
Suppose 5*f + 3*i = 33, -4*f - i + 26 = i. Let n(w) = 2*w**2 - 13*w + 5. Let h(r) = r. Let p(o) = f*h(o) + n(o). Determine p(4).
9
Let y(n) = -n**3 + 10*n**2 - 9*n + 4. Suppose 0 = x - 5*i - 14, 10 - 26 = -2*x - 2*i. Calculate y(x).
4
Suppose -18 = -3*c - 3*l, -2*c + 0 = -l - 18. Let d(p) = 2*p**2 - 12*p + 5. Determine d(c).
37
Suppose 0 = 5*b - 10, -2*r + 0*r - 3*b = -30. Let g(n) = n**3 - 11*n**2 - 10*n - 8. What is g(r)?
16
Let o(x) = 2*x**2 - 7*x - 2. Let w(m) = -2*m**2 + 8*m + 3. Let c(g) = 5*o(g) + 4*w(g). Let s(z) = -z**2 - z + 1. Let r(h) = c(h) - 3*s(h). Give r(1).
4
Let k be 0 + (-4)/((-16)/(-4))*-2. Let b(t) = -k*t + 110 - 58 - 57. Give b(-5).
5
Let l(a) = -a**3 + 5*a**2 + a. Let i = 212 - 78. Let n = -129 + i. Calculate l(n).
5
Let i(y) = -7*y**3 + 8*y**2 - 14. Let r(f) = -8*f**3 + 9*f**2 - 16. Let x(k) = -7*i(k) + 6*r(k). Let p(a) = -a**2 + 7*a + 2. Let h be p(7). Give x(h).
2
Let r = 3 - -5. Let y = r + -6. Let p(u) be the first derivative of u**2/2 + u - 1. Determine p(y).
3
Suppose 2*z - 4*a = -4, 2*z - 23 = -0*z - 5*a. Let t(o) be the third derivative of -o**5/60 + o**4/6 + o**3/6 + o**2 + 209. What is t(z)?
1
Let v(r) = -3 + 0*r - 10 + 2*r + 6 + 7*r. Calculate v(4).
29
Let t(q) = 7*q**2 + 10*q - 1. Let g(f) = -9*f**2 - 10*f + 2. Let m(a) = -3*g(a) - 4*t(a). Determine m(-8).
14
Suppose 37 = 5*w + 12, 5*u + 4*w = 40. Let h(a) = -19*a + 6*a + 11*a + 3*a + u. Determine h(4).
8
Let l be 1 + -4*5/(-10). Let b(g) = 5 - g - l*g + 5*g + 0*g. Give b(-7).
-2
Let l(m) = 2*m**2 + 2*m - 1. Let z be l(-2). Let x(b) = b - 8 + 0 + 2 + z. Determine x(4).
1
Let s(r) = 6*r + 7. Suppose 4*c + 10*c + 28 = 0. Give s(c).
-5
Let x(i) = 2*i**3 - 2*i**2 - i - 1. Suppose 3*h - 215 = -206. Determine x(h).
32
Suppose 5*a - 5*u + 25 = 0, 2*a + 0*a + 7 = 5*u. Let i = a - -18. Let b(v) = i*v**2 + 0 + 1 - 2*v + 3*v - 2. Give b(1).
12
Let j(f) be the first derivative of -3*f**2/2 - 5*f + 2. Suppose -21 - 33 = 2*q. Let n = q + 21. Determine j(n).
13
Let u(w) = -13*w**2 + 64*w. Let h be u(5). Let x(a) = -a**3 - 6*a**2 - 6*a - 4. Determine x(h).
1
Let z(v) be the third derivative of v**5/20 + v**4/12 - v**3/2 + 48*v**2. Calculate z(-3).
18
Let r(c) = 4*c**3 - 1. Let p(m) = -39*m - 118. Let g be p(-3). Give r(g).
-5
Let j(m) = 585*m**2 - 586*m**2 + 21*m + 42 - 41. Determine j(22).
-21
Suppose v - 6*v = 0. Let n(q) = 3*q**3 - q + 1. Let k(u) = -10*u**3 - u**2 + 4*u - 3. Let d(c) = k(c) + 3*n(c). Determine d(v).
0
Let d(x) = x**3 + 7*x**2 + 11*x - 10. Let u(c) = -9*c**3 + 19 - 12*c**2 + 6*c**3 - 2*c**2 - 23*c. Let z(h) = -5*d(h) - 2*u(h). Determine z(8).
4
Let x(w) = -1. Let i(b) = 3*b + 4. Let g(y) = i(y) + x(y). Suppose -40 = -2*z - 36. Suppose -2*k = 4*u - 4, k - 2*u + z + 8 = 0. Determine g(k).
-9
Let w(o) be the third derivative of o**4/24 - 2*o**3/3 - 15*o**2 + 8. Determine w(-4).
-8
Let j(l) = -3*l**3 + 3*l**2 - 2*l. Suppose 3*v - n = 29, 0*n - 28 = -v + 4*n. Suppose 0 = -c - 0*c + 3*x - 13, -v = c - 2*x. Calculate j(c).
-16
Suppose -2*q - 13 = -x, 2*q + 3*q = 4*x - 40. Let a = 30 - 24. Let n be -2 + (3 - a) + x. Let w(d) = d**3. Calculate w(n).
0
Let a(d) be the first derivative of 6 + 4*d + 2*d**2 + 1/3*d**3. What is a(-3)?
1
Let v be 1 + 6 - 2/(2/(-5)). Let c(f) = -f**3 + 11*f**2 + 12*f + 9. Calculate c(v).
9
Suppose 0*a - 6*a = -6. Let d(t) be the third derivative of t**4/6 + 9*t**2. Determine d(a).
4
Let b be (-4)/(-14) - 12/(-7). Suppose 2 = -b*g - 2*y, -5*g + 35 = -2*y - 3*y. Let h(d) = d**2 - 4*d**2 + 5*d**2 - 3*d**2 - d. What is h(g)?
-12
Let v(f) = -2*f - 3. Let o(u) = 11*u + 18. Let m(y) = -6*o(y) - 34*v(y). Suppose 0*r - 4 = -r. Calculate m(r).
2
Let w(b) = 2*b**3 + 3*b**2 + 2*b + 10. Let h(c) = -3*c**3 - 2*c**2 - c - 10. Let q(z) = 3*h(z) + 4*w(z). Let n be (-1)/(2*-1*(-13)/(-182)). Calculate q(n).
-4
Let p(s) be the second derivative of 1/3*s**4 - s**2 - 1/3*s**3 + 18*s + 0 - 1/10*s**5. Determine p(2).
-6
Let z(x) = x**3 - x**2 + 7. Let c(v) = 7*v**3 + v**2 + 7*v + 33. Let w(b) = c(b) - 6*z(b). Determine w(-6).
-15
Let c(w) = 1 + 0 - 1 + 2*w - 1 - w. What is c(-13)?
-14
Let j(v) = v + 7. Suppose -4*w - 36 = 5*a - 1, -5*w = a + 28. Calculate j(w).
2
Let q(v) = 2*v - 3*v**2 - 2 + 5*v**2 + v**2. Let h be -2 - (12/15 + (-56)/70). Calculate q(h).
6
Let b be (-1)/(-7) - (-7)/49*503. Let o = -67 + b. Let r(w) be the third derivative of -w**5/60 + w**4/4 - 5*w**3/6 - w**2. Give r(o).
0
Let t(q) = -q**3 - 3*q**2 - 4*q - 2. Suppose 0 = -n - 2*n + 15. Suppose 2*i + n = -1. Calculate t(i).
10
Let a(k) = 0 - k**2 - k + k - 1. Let f(p) = 16*p**2 + 2*p. Let h(u) = a(u) + f(u). Calculate h(1).
16
Let s(w) = -38*w - 2. Let m(k) = 140*k + 9. Let j(v) = 3*m(v) + 11*s(v). Give j(2).
9
Let q be 2 - 81/45 - (-71)/(-5). Let b(h) = 3*h + 15. Give b(q).
-27
Let l(s) = 5*s - 3. Let d be l(-3). Let b be (9/d)/(2/(-12)). Let g(y) = 2*y**2 - 2 - y**3 + b*y**2 - 4*y**2. Calculate g(0).
-2
Suppose 0 = 8*g - 7 + 95. Let j(t) = t**3 + 10*t**2 - 11*t - 3. What is j(g)?
-3
Let p(o) = -2 - 54*o**2 + 4*o**3 - 56*o**2 - 53*o**2 - 10*o**3 + 164*o**2. What is p(1)?
-7
Let f(c) = -5*c - 3. Let h = 68 - 66. Let x be (h/(-5))/(11/55). Calculate f(x).
7
Let i(t) = t**3 - 5*t**2 - 5*t - 6. Suppose -1 = -3*o + h, 5*h - 29 = -2*o - 0*h. Suppose o*r - 7*r + 60 = 0. Suppose -2*w = -0*w - r. Determine i(w).
0
Let w(g) = g. Let h(r) = 2*r. Let z = 35 - 36. Let x(o) = z*w(o) + h(o). Determine x(-3).
-3
Let v(y) = 4*y + 4. Suppose -3*j - 3*u + 66 = 0, -4*u = 4 - 8. Let f = -25 + j. What is v(f)?
-12
Let a(t) be the second der